{"id":288,"date":"2018-11-13T11:12:47","date_gmt":"2018-11-13T17:12:47","guid":{"rendered":"http:\/\/multideasdigitales.com\/?page_id=288"},"modified":"2023-03-23T00:46:17","modified_gmt":"2023-03-23T06:46:17","slug":"creacion-de-contenido","status":"publish","type":"page","link":"https:\/\/multideasdigitales.com\/index.php\/creacion-de-contenido\/","title":{"rendered":"Creaci\u00f3n de Contenido"},"content":{"rendered":"\t\t<div data-elementor-type=\"wp-page\" data-elementor-id=\"288\" class=\"elementor elementor-288\">\n\t\t\t\t\t\t<section class=\"elementor-section elementor-top-section elementor-element elementor-element-7fe605de elementor-section-content-middle elementor-reverse-mobile elementor-section-boxed elementor-section-height-default elementor-section-height-default\" data-id=\"7fe605de\" data-element_type=\"section\">\n\t\t\t\t\t\t<div class=\"elementor-container elementor-column-gap-no\">\n\t\t\t\t\t<div class=\"elementor-column elementor-col-50 elementor-top-column elementor-element elementor-element-49a77824\" data-id=\"49a77824\" data-element_type=\"column\">\n\t\t\t<div class=\"elementor-widget-wrap elementor-element-populated\">\n\t\t\t\t\t\t<div class=\"elementor-element elementor-element-29f5e444 elementor-widget elementor-widget-heading\" data-id=\"29f5e444\" data-element_type=\"widget\" data-widget_type=\"heading.default\">\n\t\t\t\t<div class=\"elementor-widget-container\">\n\t\t\t\t\t<h2 class=\"elementor-heading-title elementor-size-default\">\u00bfQuieres que tu marca se destaque en un mundo lleno de ruido y distracciones?<\/h2>\t\t\t\t<\/div>\n\t\t\t\t<\/div>\n\t\t\t\t<div class=\"elementor-element elementor-element-4ec2ce33 elementor-widget elementor-widget-text-editor\" data-id=\"4ec2ce33\" data-element_type=\"widget\" data-widget_type=\"text-editor.default\">\n\t\t\t\t<div class=\"elementor-widget-container\">\n\t\t\t\t\t\t\t\t\t<p style=\"text-align: center;\"><span style=\"color: #808080;\">\u00a1Nuestra soluci\u00f3n de Creaci\u00f3n de Contenido te ayuda a hacer precisamente eso! <\/span><\/p><p style=\"text-align: center;\"><span style=\"color: #808080;\">Con nuestro equipo de expertos en creaci\u00f3n de contenido, te ayudamos a crear contenido atractivo, \u00fanico y personalizado para tu marca. Desde publicaciones en redes sociales hasta art\u00edculos de blog y contenido multimedia, podemos ayudarte a crear una estrategia de contenido que resuene con tu audiencia y que impulse el crecimiento de tu marca. <\/span><\/p><p style=\"text-align: center;\"><span style=\"color: #808080;\">Sabemos que cada marca es \u00fanica, y es por eso que nuestra soluci\u00f3n de Creaci\u00f3n de Contenido se adapta a tus necesidades espec\u00edficas.<\/span><\/p><p style=\"text-align: center;\"><span style=\"color: #808080;\">\u00bfListo para dar vida a tu marca con contenido atractivo y de alta calidad? <\/span><\/p><p style=\"text-align: center;\"><span style=\"color: #808080;\">\u00a1Cont\u00e1ctanos hoy mismo y comencemos a crear juntos!<\/span><\/p>\t\t\t\t\t\t\t\t<\/div>\n\t\t\t\t<\/div>\n\t\t\t\t<div class=\"elementor-element elementor-element-4446706a elementor-widget elementor-widget-button\" data-id=\"4446706a\" data-element_type=\"widget\" data-widget_type=\"button.default\">\n\t\t\t\t<div class=\"elementor-widget-container\">\n\t\t\t\t\t\t\t\t\t<div class=\"elementor-button-wrapper\">\n\t\t\t\t\t<a class=\"elementor-button elementor-button-link elementor-size-sm elementor-animation-grow\" href=\"https:\/\/multideasdigitales.com\/index.php\/cotiza\/#page-content\">\n\t\t\t\t\t\t<span class=\"elementor-button-content-wrapper\">\n\t\t\t\t\t\t\t\t\t<span class=\"elementor-button-text\">Cotizar<\/span>\n\t\t\t\t\t<\/span>\n\t\t\t\t\t<\/a>\n\t\t\t\t<\/div>\n\t\t\t\t\t\t\t\t<\/div>\n\t\t\t\t<\/div>\n\t\t\t\t\t<\/div>\n\t\t<\/div>\n\t\t\t\t<div class=\"elementor-column elementor-col-50 elementor-top-column elementor-element elementor-element-d04bf20\" data-id=\"d04bf20\" data-element_type=\"column\">\n\t\t\t<div class=\"elementor-widget-wrap elementor-element-populated\">\n\t\t\t\t\t\t<div class=\"elementor-element elementor-element-219c65ef elementor-widget elementor-widget-image\" data-id=\"219c65ef\" data-element_type=\"widget\" data-widget_type=\"image.default\">\n\t\t\t\t<div class=\"elementor-widget-container\">\n\t\t\t\t\t\t\t\t\t\t\t\t\t\t\t<img fetchpriority=\"high\" decoding=\"async\" width=\"608\" height=\"408\" src=\"https:\/\/multideasdigitales.com\/wp-content\/uploads\/2018\/11\/foto-publicitaria-3.jpg\" class=\"attachment-full size-full wp-image-303\" alt=\"\" srcset=\"https:\/\/multideasdigitales.com\/wp-content\/uploads\/2018\/11\/foto-publicitaria-3.jpg 608w, https:\/\/multideasdigitales.com\/wp-content\/uploads\/2018\/11\/foto-publicitaria-3-300x201.jpg 300w\" sizes=\"(max-width: 608px) 100vw, 608px\" \/>\t\t\t\t\t\t\t\t\t\t\t\t\t\t\t<\/div>\n\t\t\t\t<\/div>\n\t\t\t\t\t<\/div>\n\t\t<\/div>\n\t\t\t\t\t<\/div>\n\t\t<\/section>\n\t\t\t\t<section class=\"elementor-section elementor-top-section elementor-element elementor-element-25ba8578 elementor-section-content-middle elementor-section-boxed elementor-section-height-default elementor-section-height-default\" data-id=\"25ba8578\" data-element_type=\"section\">\n\t\t\t\t\t\t<div class=\"elementor-container elementor-column-gap-no\">\n\t\t\t\t\t<div class=\"elementor-column elementor-col-50 elementor-top-column elementor-element elementor-element-5eebb743\" data-id=\"5eebb743\" data-element_type=\"column\">\n\t\t\t<div class=\"elementor-widget-wrap elementor-element-populated\">\n\t\t\t\t\t\t<div class=\"elementor-element elementor-element-66128c2f elementor-widget elementor-widget-heading\" data-id=\"66128c2f\" data-element_type=\"widget\" data-widget_type=\"heading.default\">\n\t\t\t\t<div class=\"elementor-widget-container\">\n\t\t\t\t\t<h4 class=\"elementor-heading-title elementor-size-default\">Una Animaci\u00f3n es Genial para Promocionarte<\/h4>\t\t\t\t<\/div>\n\t\t\t\t<\/div>\n\t\t\t\t<div class=\"elementor-element elementor-element-69ed4272 elementor-widget elementor-widget-text-editor\" data-id=\"69ed4272\" data-element_type=\"widget\" data-widget_type=\"text-editor.default\">\n\t\t\t\t<div class=\"elementor-widget-container\">\n\t\t\t\t\t\t\t\t\t<p><span style=\"color: #000000;\">Hacemos el gui\u00f3n y el v\u00eddeo de lo que necesites: lanzamiento de un producto, una promoci\u00f3n, etc.<\/span><\/p>\t\t\t\t\t\t\t\t<\/div>\n\t\t\t\t<\/div>\n\t\t\t\t\t<\/div>\n\t\t<\/div>\n\t\t\t\t<div class=\"elementor-column elementor-col-50 elementor-top-column elementor-element elementor-element-74545630\" data-id=\"74545630\" data-element_type=\"column\">\n\t\t\t<div class=\"elementor-widget-wrap elementor-element-populated\">\n\t\t\t\t\t\t<div class=\"elementor-element elementor-element-26e101d7 elementor-widget elementor-widget-video\" data-id=\"26e101d7\" data-element_type=\"widget\" data-settings=\"{&quot;youtube_url&quot;:&quot;https:\\\/\\\/youtu.be\\\/fkmx8G8rftM&quot;,&quot;video_type&quot;:&quot;youtube&quot;,&quot;controls&quot;:&quot;yes&quot;}\" data-widget_type=\"video.default\">\n\t\t\t\t<div class=\"elementor-widget-container\">\n\t\t\t\t\t\t\t<div class=\"elementor-wrapper elementor-open-inline\">\n\t\t\t<div class=\"elementor-video\"><\/div>\t\t<\/div>\n\t\t\t\t\t\t<\/div>\n\t\t\t\t<\/div>\n\t\t\t\t\t<\/div>\n\t\t<\/div>\n\t\t\t\t\t<\/div>\n\t\t<\/section>\n\t\t\t\t<\/div>\n\t\t","protected":false},"excerpt":{"rendered":"<p>\u00bfQuieres que tu marca se destaque en un mundo lleno de ruido y distracciones? \u00a1Nuestra soluci\u00f3n de Creaci\u00f3n de Contenido te ayuda a hacer precisamente eso! Con nuestro equipo de expertos en creaci\u00f3n de contenido, te ayudamos a crear contenido atractivo, \u00fanico y personalizado para tu marca. Desde publicaciones en redes sociales hasta art\u00edculos de&hellip; <br \/> <a class=\"button small blue\" href=\"https:\/\/multideasdigitales.com\/index.php\/creacion-de-contenido\/\">Leer m\u00e1s<\/a><\/p>\n","protected":false},"author":1,"featured_media":0,"parent":0,"menu_order":0,"comment_status":"closed","ping_status":"closed","template":"","meta":{"_joinchat":[],"footnotes":""},"class_list":["post-288","page","type-page","status-publish","hentry"],"yoast_head":"<!-- This site is optimized with the Yoast SEO plugin v25.0 - https:\/\/yoast.com\/wordpress\/plugins\/seo\/ -->\n<title>Creaci\u00f3n de Contenido - Multideas Digitales<\/title>\n<meta name=\"description\" content=\"creaci\u00f3n de contenido, deja que nuestro contenido hable por ti. Generamos contenido relevante y de calidad para ayudar a las marcas\" \/>\n<meta name=\"robots\" content=\"index, follow, max-snippet:-1, max-image-preview:large, max-video-preview:-1\" \/>\n<link rel=\"canonical\" href=\"https:\/\/multideasdigitales.com\/index.php\/creacion-de-contenido\/\" \/>\n<meta property=\"og:locale\" content=\"es_ES\" \/>\n<meta property=\"og:type\" content=\"article\" \/>\n<meta property=\"og:title\" content=\"Creaci\u00f3n de Contenido - Multideas Digitales\" \/>\n<meta property=\"og:description\" content=\"creaci\u00f3n de contenido, deja que nuestro contenido hable por ti. Generamos contenido relevante y de calidad para ayudar a las marcas\" \/>\n<meta property=\"og:url\" content=\"https:\/\/multideasdigitales.com\/index.php\/creacion-de-contenido\/\" \/>\n<meta property=\"og:site_name\" content=\"Multideas Digitales\" \/>\n<meta property=\"article:publisher\" content=\"https:\/\/www.facebook.com\/multideasdigitales\" \/>\n<meta property=\"article:modified_time\" content=\"2023-03-23T06:46:17+00:00\" \/>\n<meta property=\"og:image\" content=\"http:\/\/multideasdigitales.com\/wp-content\/uploads\/2018\/11\/foto-publicitaria-3.jpg\" \/>\n<meta name=\"twitter:card\" content=\"summary_large_image\" \/>\n<script type=\"application\/ld+json\" class=\"yoast-schema-graph\">{\"@context\":\"https:\/\/schema.org\",\"@graph\":[{\"@type\":\"WebPage\",\"@id\":\"https:\/\/multideasdigitales.com\/index.php\/creacion-de-contenido\/\",\"url\":\"https:\/\/multideasdigitales.com\/index.php\/creacion-de-contenido\/\",\"name\":\"Creaci\u00f3n de Contenido - Multideas Digitales\",\"isPartOf\":{\"@id\":\"https:\/\/multideasdigitales.com\/#website\"},\"primaryImageOfPage\":{\"@id\":\"https:\/\/multideasdigitales.com\/index.php\/creacion-de-contenido\/#primaryimage\"},\"image\":{\"@id\":\"https:\/\/multideasdigitales.com\/index.php\/creacion-de-contenido\/#primaryimage\"},\"thumbnailUrl\":\"http:\/\/multideasdigitales.com\/wp-content\/uploads\/2018\/11\/foto-publicitaria-3.jpg\",\"datePublished\":\"2018-11-13T17:12:47+00:00\",\"dateModified\":\"2023-03-23T06:46:17+00:00\",\"description\":\"creaci\u00f3n de contenido, deja que nuestro contenido hable por ti. Generamos contenido relevante y de calidad para ayudar a las marcas\",\"breadcrumb\":{\"@id\":\"https:\/\/multideasdigitales.com\/index.php\/creacion-de-contenido\/#breadcrumb\"},\"inLanguage\":\"es\",\"potentialAction\":[{\"@type\":\"ReadAction\",\"target\":[\"https:\/\/multideasdigitales.com\/index.php\/creacion-de-contenido\/\"]}]},{\"@type\":\"ImageObject\",\"inLanguage\":\"es\",\"@id\":\"https:\/\/multideasdigitales.com\/index.php\/creacion-de-contenido\/#primaryimage\",\"url\":\"http:\/\/multideasdigitales.com\/wp-content\/uploads\/2018\/11\/foto-publicitaria-3.jpg\",\"contentUrl\":\"http:\/\/multideasdigitales.com\/wp-content\/uploads\/2018\/11\/foto-publicitaria-3.jpg\"},{\"@type\":\"BreadcrumbList\",\"@id\":\"https:\/\/multideasdigitales.com\/index.php\/creacion-de-contenido\/#breadcrumb\",\"itemListElement\":[{\"@type\":\"ListItem\",\"position\":1,\"name\":\"Inicio\",\"item\":\"https:\/\/multideasdigitales.com\/\"},{\"@type\":\"ListItem\",\"position\":2,\"name\":\"Creaci\u00f3n de Contenido\"}]},{\"@type\":\"WebSite\",\"@id\":\"https:\/\/multideasdigitales.com\/#website\",\"url\":\"https:\/\/multideasdigitales.com\/\",\"name\":\"Multideas Digitales\",\"description\":\"Impulsa tu negocio al siguiente nivel\",\"publisher\":{\"@id\":\"https:\/\/multideasdigitales.com\/#organization\"},\"potentialAction\":[{\"@type\":\"SearchAction\",\"target\":{\"@type\":\"EntryPoint\",\"urlTemplate\":\"https:\/\/multideasdigitales.com\/?s={search_term_string}\"},\"query-input\":{\"@type\":\"PropertyValueSpecification\",\"valueRequired\":true,\"valueName\":\"search_term_string\"}}],\"inLanguage\":\"es\"},{\"@type\":\"Organization\",\"@id\":\"https:\/\/multideasdigitales.com\/#organization\",\"name\":\"Multideas Digitales\",\"url\":\"https:\/\/multideasdigitales.com\/\",\"logo\":{\"@type\":\"ImageObject\",\"inLanguage\":\"es\",\"@id\":\"https:\/\/multideasdigitales.com\/#\/schema\/logo\/image\/\",\"url\":\"https:\/\/multideasdigitales.com\/wp-content\/uploads\/2023\/03\/cropped-cropped-wordpress_logo_transparent_512x512.edit_.png\",\"contentUrl\":\"https:\/\/multideasdigitales.com\/wp-content\/uploads\/2023\/03\/cropped-cropped-wordpress_logo_transparent_512x512.edit_.png\",\"width\":424,\"height\":138,\"caption\":\"Multideas Digitales\"},\"image\":{\"@id\":\"https:\/\/multideasdigitales.com\/#\/schema\/logo\/image\/\"},\"sameAs\":[\"https:\/\/www.facebook.com\/multideasdigitales\"]}]}<\/script>\n<!-- \/ Yoast SEO plugin. -->","yoast_head_json":{"title":"Creaci\u00f3n de Contenido - Multideas Digitales","description":"creaci\u00f3n de contenido, deja que nuestro contenido hable por ti. Generamos contenido relevante y de calidad para ayudar a las marcas","robots":{"index":"index","follow":"follow","max-snippet":"max-snippet:-1","max-image-preview":"max-image-preview:large","max-video-preview":"max-video-preview:-1"},"canonical":"https:\/\/multideasdigitales.com\/index.php\/creacion-de-contenido\/","og_locale":"es_ES","og_type":"article","og_title":"Creaci\u00f3n de Contenido - Multideas Digitales","og_description":"creaci\u00f3n de contenido, deja que nuestro contenido hable por ti. Generamos contenido relevante y de calidad para ayudar a las marcas","og_url":"https:\/\/multideasdigitales.com\/index.php\/creacion-de-contenido\/","og_site_name":"Multideas Digitales","article_publisher":"https:\/\/www.facebook.com\/multideasdigitales","article_modified_time":"2023-03-23T06:46:17+00:00","og_image":[{"url":"http:\/\/multideasdigitales.com\/wp-content\/uploads\/2018\/11\/foto-publicitaria-3.jpg","type":"","width":"","height":""}],"twitter_card":"summary_large_image","schema":{"@context":"https:\/\/schema.org","@graph":[{"@type":"WebPage","@id":"https:\/\/multideasdigitales.com\/index.php\/creacion-de-contenido\/","url":"https:\/\/multideasdigitales.com\/index.php\/creacion-de-contenido\/","name":"Creaci\u00f3n de Contenido - Multideas Digitales","isPartOf":{"@id":"https:\/\/multideasdigitales.com\/#website"},"primaryImageOfPage":{"@id":"https:\/\/multideasdigitales.com\/index.php\/creacion-de-contenido\/#primaryimage"},"image":{"@id":"https:\/\/multideasdigitales.com\/index.php\/creacion-de-contenido\/#primaryimage"},"thumbnailUrl":"http:\/\/multideasdigitales.com\/wp-content\/uploads\/2018\/11\/foto-publicitaria-3.jpg","datePublished":"2018-11-13T17:12:47+00:00","dateModified":"2023-03-23T06:46:17+00:00","description":"creaci\u00f3n de contenido, deja que nuestro contenido hable por ti. Generamos contenido relevante y de calidad para ayudar a las marcas","breadcrumb":{"@id":"https:\/\/multideasdigitales.com\/index.php\/creacion-de-contenido\/#breadcrumb"},"inLanguage":"es","potentialAction":[{"@type":"ReadAction","target":["https:\/\/multideasdigitales.com\/index.php\/creacion-de-contenido\/"]}]},{"@type":"ImageObject","inLanguage":"es","@id":"https:\/\/multideasdigitales.com\/index.php\/creacion-de-contenido\/#primaryimage","url":"http:\/\/multideasdigitales.com\/wp-content\/uploads\/2018\/11\/foto-publicitaria-3.jpg","contentUrl":"http:\/\/multideasdigitales.com\/wp-content\/uploads\/2018\/11\/foto-publicitaria-3.jpg"},{"@type":"BreadcrumbList","@id":"https:\/\/multideasdigitales.com\/index.php\/creacion-de-contenido\/#breadcrumb","itemListElement":[{"@type":"ListItem","position":1,"name":"Inicio","item":"https:\/\/multideasdigitales.com\/"},{"@type":"ListItem","position":2,"name":"Creaci\u00f3n de Contenido"}]},{"@type":"WebSite","@id":"https:\/\/multideasdigitales.com\/#website","url":"https:\/\/multideasdigitales.com\/","name":"Multideas Digitales","description":"Impulsa tu negocio al siguiente nivel","publisher":{"@id":"https:\/\/multideasdigitales.com\/#organization"},"potentialAction":[{"@type":"SearchAction","target":{"@type":"EntryPoint","urlTemplate":"https:\/\/multideasdigitales.com\/?s={search_term_string}"},"query-input":{"@type":"PropertyValueSpecification","valueRequired":true,"valueName":"search_term_string"}}],"inLanguage":"es"},{"@type":"Organization","@id":"https:\/\/multideasdigitales.com\/#organization","name":"Multideas Digitales","url":"https:\/\/multideasdigitales.com\/","logo":{"@type":"ImageObject","inLanguage":"es","@id":"https:\/\/multideasdigitales.com\/#\/schema\/logo\/image\/","url":"https:\/\/multideasdigitales.com\/wp-content\/uploads\/2023\/03\/cropped-cropped-wordpress_logo_transparent_512x512.edit_.png","contentUrl":"https:\/\/multideasdigitales.com\/wp-content\/uploads\/2023\/03\/cropped-cropped-wordpress_logo_transparent_512x512.edit_.png","width":424,"height":138,"caption":"Multideas Digitales"},"image":{"@id":"https:\/\/multideasdigitales.com\/#\/schema\/logo\/image\/"},"sameAs":["https:\/\/www.facebook.com\/multideasdigitales"]}]}},"_links":{"self":[{"href":"https:\/\/multideasdigitales.com\/index.php\/wp-json\/wp\/v2\/pages\/288","targetHints":{"allow":["GET"]}}],"collection":[{"href":"https:\/\/multideasdigitales.com\/index.php\/wp-json\/wp\/v2\/pages"}],"about":[{"href":"https:\/\/multideasdigitales.com\/index.php\/wp-json\/wp\/v2\/types\/page"}],"author":[{"embeddable":true,"href":"https:\/\/multideasdigitales.com\/index.php\/wp-json\/wp\/v2\/users\/1"}],"replies":[{"embeddable":true,"href":"https:\/\/multideasdigitales.com\/index.php\/wp-json\/wp\/v2\/comments?post=288"}],"version-history":[{"count":50,"href":"https:\/\/multideasdigitales.com\/index.php\/wp-json\/wp\/v2\/pages\/288\/revisions"}],"predecessor-version":[{"id":1609,"href":"https:\/\/multideasdigitales.com\/index.php\/wp-json\/wp\/v2\/pages\/288\/revisions\/1609"}],"wp:attachment":[{"href":"https:\/\/multideasdigitales.com\/index.php\/wp-json\/wp\/v2\/media?parent=288"}],"curies":[{"name":"wp","href":"https:\/\/api.w.org\/{rel}","templated":true}]}}